{"id":838,"date":"2025-11-13T08:49:36","date_gmt":"2025-11-13T05:49:36","guid":{"rendered":"https:\/\/planbet.contact\/greenland\/?page_id=838"},"modified":"2026-01-27T23:02:55","modified_gmt":"2026-01-27T20:02:55","slug":"login","status":"publish","type":"page","link":"https:\/\/planbet.contact\/greenland\/login\/","title":{"rendered":"Login"},"content":{"rendered":"","protected":false},"excerpt":{"rendered":"","protected":false},"author":1,"featured_media":0,"parent":0,"menu_order":0,"comment_status":"closed","ping_status":"closed","template":"","meta":{"_acf_changed":false,"footnotes":""},"class_list":["post-838","page","type-page","status-publish","hentry"],"acf":[],"yoast_head":"<!-- This site is optimized with the Yoast SEO plugin v26.3 - https:\/\/yoast.com\/wordpress\/plugins\/seo\/ -->\n<title>Planbet Login \u2705 F\u00e5 adgang til din personlige konto p\u00e5 alle enheder<\/title>\n<meta name=\"description\" content=\"Find ud af, hvor nemt det er at logge ind p\u00e5 Planbet Gr\u00f8nland fra enhver enhed! Trin-for-trin vejledning til hurtig adgang til din personlige konto.\" \/>\n<meta name=\"robots\" content=\"index, follow, max-snippet:-1, max-image-preview:large, max-video-preview:-1\" \/>\n<link rel=\"canonical\" href=\"https:\/\/planbet.contact\/greenland\/login\/\" \/>\n<meta property=\"og:locale\" content=\"en_US\" \/>\n<meta property=\"og:type\" content=\"article\" \/>\n<meta property=\"og:title\" content=\"Planbet Login \u2705 F\u00e5 adgang til din personlige konto p\u00e5 alle enheder\" \/>\n<meta property=\"og:description\" content=\"Find ud af, hvor nemt det er at logge ind p\u00e5 Planbet Gr\u00f8nland fra enhver enhed! Trin-for-trin vejledning til hurtig adgang til din personlige konto.\" \/>\n<meta property=\"og:url\" content=\"https:\/\/planbet.contact\/greenland\/login\/\" \/>\n<meta property=\"og:site_name\" content=\"Planbet GL\" \/>\n<meta property=\"article:modified_time\" content=\"2026-01-27T20:02:55+00:00\" \/>\n<meta name=\"twitter:card\" content=\"summary_large_image\" \/>\n<script type=\"application\/ld+json\" class=\"yoast-schema-graph\">{\"@context\":\"https:\/\/schema.org\",\"@graph\":[{\"@type\":\"WebPage\",\"@id\":\"https:\/\/planbet.contact\/greenland\/login\/\",\"url\":\"https:\/\/planbet.contact\/greenland\/login\/\",\"name\":\"Planbet Login \u2705 F\u00e5 adgang til din personlige konto p\u00e5 alle enheder\",\"isPartOf\":{\"@id\":\"https:\/\/planbet.contact\/greenland\/#website\"},\"datePublished\":\"2025-11-13T05:49:36+00:00\",\"dateModified\":\"2026-01-27T20:02:55+00:00\",\"description\":\"Find ud af, hvor nemt det er at logge ind p\u00e5 Planbet Gr\u00f8nland fra enhver enhed! Trin-for-trin vejledning til hurtig adgang til din personlige konto.\",\"breadcrumb\":{\"@id\":\"https:\/\/planbet.contact\/greenland\/login\/#breadcrumb\"},\"inLanguage\":\"gl\",\"potentialAction\":[{\"@type\":\"ReadAction\",\"target\":[\"https:\/\/planbet.contact\/greenland\/login\/\"]}]},{\"@type\":\"BreadcrumbList\",\"@id\":\"https:\/\/planbet.contact\/greenland\/login\/#breadcrumb\",\"itemListElement\":[{\"@type\":\"ListItem\",\"position\":1,\"name\":\"Home\",\"item\":\"https:\/\/planbet.contact\/greenland\/\"},{\"@type\":\"ListItem\",\"position\":2,\"name\":\"Login\"}]},{\"@type\":\"WebSite\",\"@id\":\"https:\/\/planbet.contact\/greenland\/#website\",\"url\":\"https:\/\/planbet.contact\/greenland\/\",\"name\":\"Planbet GL\",\"description\":\"\",\"potentialAction\":[{\"@type\":\"SearchAction\",\"target\":{\"@type\":\"EntryPoint\",\"urlTemplate\":\"https:\/\/planbet.contact\/greenland\/?s={search_term_string}\"},\"query-input\":{\"@type\":\"PropertyValueSpecification\",\"valueRequired\":true,\"valueName\":\"search_term_string\"}}],\"inLanguage\":\"gl\"}]}<\/script>\n<!-- \/ Yoast SEO plugin. -->","yoast_head_json":{"title":"Planbet Login \u2705 F\u00e5 adgang til din personlige konto p\u00e5 alle enheder","description":"Find ud af, hvor nemt det er at logge ind p\u00e5 Planbet Gr\u00f8nland fra enhver enhed! Trin-for-trin vejledning til hurtig adgang til din personlige konto.","robots":{"index":"index","follow":"follow","max-snippet":"max-snippet:-1","max-image-preview":"max-image-preview:large","max-video-preview":"max-video-preview:-1"},"canonical":"https:\/\/planbet.contact\/greenland\/login\/","og_locale":"en_US","og_type":"article","og_title":"Planbet Login \u2705 F\u00e5 adgang til din personlige konto p\u00e5 alle enheder","og_description":"Find ud af, hvor nemt det er at logge ind p\u00e5 Planbet Gr\u00f8nland fra enhver enhed! Trin-for-trin vejledning til hurtig adgang til din personlige konto.","og_url":"https:\/\/planbet.contact\/greenland\/login\/","og_site_name":"Planbet GL","article_modified_time":"2026-01-27T20:02:55+00:00","twitter_card":"summary_large_image","schema":{"@context":"https:\/\/schema.org","@graph":[{"@type":"WebPage","@id":"https:\/\/planbet.contact\/greenland\/login\/","url":"https:\/\/planbet.contact\/greenland\/login\/","name":"Planbet Login \u2705 F\u00e5 adgang til din personlige konto p\u00e5 alle enheder","isPartOf":{"@id":"https:\/\/planbet.contact\/greenland\/#website"},"datePublished":"2025-11-13T05:49:36+00:00","dateModified":"2026-01-27T20:02:55+00:00","description":"Find ud af, hvor nemt det er at logge ind p\u00e5 Planbet Gr\u00f8nland fra enhver enhed! Trin-for-trin vejledning til hurtig adgang til din personlige konto.","breadcrumb":{"@id":"https:\/\/planbet.contact\/greenland\/login\/#breadcrumb"},"inLanguage":"gl","potentialAction":[{"@type":"ReadAction","target":["https:\/\/planbet.contact\/greenland\/login\/"]}]},{"@type":"BreadcrumbList","@id":"https:\/\/planbet.contact\/greenland\/login\/#breadcrumb","itemListElement":[{"@type":"ListItem","position":1,"name":"Home","item":"https:\/\/planbet.contact\/greenland\/"},{"@type":"ListItem","position":2,"name":"Login"}]},{"@type":"WebSite","@id":"https:\/\/planbet.contact\/greenland\/#website","url":"https:\/\/planbet.contact\/greenland\/","name":"Planbet GL","description":"","potentialAction":[{"@type":"SearchAction","target":{"@type":"EntryPoint","urlTemplate":"https:\/\/planbet.contact\/greenland\/?s={search_term_string}"},"query-input":{"@type":"PropertyValueSpecification","valueRequired":true,"valueName":"search_term_string"}}],"inLanguage":"gl"}]}},"_links":{"self":[{"href":"https:\/\/planbet.contact\/greenland\/wp-json\/wp\/v2\/pages\/838","targetHints":{"allow":["GET"]}}],"collection":[{"href":"https:\/\/planbet.contact\/greenland\/wp-json\/wp\/v2\/pages"}],"about":[{"href":"https:\/\/planbet.contact\/greenland\/wp-json\/wp\/v2\/types\/page"}],"author":[{"embeddable":true,"href":"https:\/\/planbet.contact\/greenland\/wp-json\/wp\/v2\/users\/1"}],"replies":[{"embeddable":true,"href":"https:\/\/planbet.contact\/greenland\/wp-json\/wp\/v2\/comments?post=838"}],"version-history":[{"count":7,"href":"https:\/\/planbet.contact\/greenland\/wp-json\/wp\/v2\/pages\/838\/revisions"}],"predecessor-version":[{"id":977,"href":"https:\/\/planbet.contact\/greenland\/wp-json\/wp\/v2\/pages\/838\/revisions\/977"}],"wp:attachment":[{"href":"https:\/\/planbet.contact\/greenland\/wp-json\/wp\/v2\/media?parent=838"}],"curies":[{"name":"wp","href":"https:\/\/api.w.org\/{rel}","templated":true}]}}