{"id":2,"date":"2025-10-05T16:17:47","date_gmt":"2025-10-05T13:17:47","guid":{"rendered":"https:\/\/planbet.contact\/iceland\/?page_id=2"},"modified":"2026-02-10T20:51:24","modified_gmt":"2026-02-10T17:51:24","slug":"home","status":"publish","type":"page","link":"https:\/\/planbet.contact\/iceland\/","title":{"rendered":"Heim"},"content":{"rendered":"","protected":false},"excerpt":{"rendered":"","protected":false},"author":1,"featured_media":0,"parent":0,"menu_order":0,"comment_status":"closed","ping_status":"closed","template":"","meta":{"_acf_changed":false,"footnotes":""},"class_list":["post-2","page","type-page","status-publish","hentry"],"acf":[],"yoast_head":"<!-- This site is optimized with the Yoast SEO plugin v26.3 - https:\/\/yoast.com\/wordpress\/plugins\/seo\/ -->\n<title>Planbet ve\u00f0banki og spilav\u00edti \u2705H\u00e1ar l\u00edkur, vins\u00e6lustu leikirnir<\/title>\n<meta name=\"description\" content=\"Planbet er \u00e1rei\u00f0anlegur ve\u00f0m\u00e1laa\u00f0ili fyrir \u00ed\u00fer\u00f3ttave\u00f0m\u00e1l og spilav\u00edtisleiki. F\u00e1\u00f0u einkar\u00e9ttar b\u00f3nusa, h\u00e1ar l\u00edkur og \u00f3vi\u00f0jafnanlega spilaupplifun!\" \/>\n<meta name=\"robots\" content=\"index, follow, max-snippet:-1, max-image-preview:large, max-video-preview:-1\" \/>\n<link rel=\"canonical\" href=\"https:\/\/planbet.contact\/iceland\/\" \/>\n<meta property=\"og:locale\" content=\"is_IS\" \/>\n<meta property=\"og:type\" content=\"article\" \/>\n<meta property=\"og:title\" content=\"Planbet ve\u00f0banki og spilav\u00edti \u2705H\u00e1ar l\u00edkur, vins\u00e6lustu leikirnir\" \/>\n<meta property=\"og:description\" content=\"Planbet er \u00e1rei\u00f0anlegur ve\u00f0m\u00e1laa\u00f0ili fyrir \u00ed\u00fer\u00f3ttave\u00f0m\u00e1l og spilav\u00edtisleiki. F\u00e1\u00f0u einkar\u00e9ttar b\u00f3nusa, h\u00e1ar l\u00edkur og \u00f3vi\u00f0jafnanlega spilaupplifun!\" \/>\n<meta property=\"og:url\" content=\"https:\/\/planbet.contact\/iceland\/\" \/>\n<meta property=\"og:site_name\" content=\"PlanBet IS\" \/>\n<meta property=\"article:modified_time\" content=\"2026-02-10T17:51:24+00:00\" \/>\n<meta name=\"twitter:card\" content=\"summary_large_image\" \/>\n<script type=\"application\/ld+json\" class=\"yoast-schema-graph\">{\"@context\":\"https:\/\/schema.org\",\"@graph\":[{\"@type\":\"WebPage\",\"@id\":\"https:\/\/planbet.contact\/iceland\/\",\"url\":\"https:\/\/planbet.contact\/iceland\/\",\"name\":\"Planbet ve\u00f0banki og spilav\u00edti \u2705H\u00e1ar l\u00edkur, vins\u00e6lustu leikirnir\",\"isPartOf\":{\"@id\":\"https:\/\/planbet.contact\/iceland\/#website\"},\"datePublished\":\"2025-10-05T13:17:47+00:00\",\"dateModified\":\"2026-02-10T17:51:24+00:00\",\"description\":\"Planbet er \u00e1rei\u00f0anlegur ve\u00f0m\u00e1laa\u00f0ili fyrir \u00ed\u00fer\u00f3ttave\u00f0m\u00e1l og spilav\u00edtisleiki. F\u00e1\u00f0u einkar\u00e9ttar b\u00f3nusa, h\u00e1ar l\u00edkur og \u00f3vi\u00f0jafnanlega spilaupplifun!\",\"breadcrumb\":{\"@id\":\"https:\/\/planbet.contact\/iceland\/#breadcrumb\"},\"inLanguage\":\"is\",\"potentialAction\":[{\"@type\":\"ReadAction\",\"target\":[\"https:\/\/planbet.contact\/iceland\/\"]}]},{\"@type\":\"BreadcrumbList\",\"@id\":\"https:\/\/planbet.contact\/iceland\/#breadcrumb\",\"itemListElement\":[{\"@type\":\"ListItem\",\"position\":1,\"name\":\"Home\",\"item\":\"https:\/\/planbet.contact\/iceland\/\"},{\"@type\":\"ListItem\",\"position\":2,\"name\":\"Heim\"}]},{\"@type\":\"WebSite\",\"@id\":\"https:\/\/planbet.contact\/iceland\/#website\",\"url\":\"https:\/\/planbet.contact\/iceland\/\",\"name\":\"PlanBet IS\",\"description\":\"\",\"potentialAction\":[{\"@type\":\"SearchAction\",\"target\":{\"@type\":\"EntryPoint\",\"urlTemplate\":\"https:\/\/planbet.contact\/iceland\/?s={search_term_string}\"},\"query-input\":{\"@type\":\"PropertyValueSpecification\",\"valueRequired\":true,\"valueName\":\"search_term_string\"}}],\"inLanguage\":\"is\"}]}<\/script>\n<!-- \/ Yoast SEO plugin. -->","yoast_head_json":{"title":"Planbet ve\u00f0banki og spilav\u00edti \u2705H\u00e1ar l\u00edkur, vins\u00e6lustu leikirnir","description":"Planbet er \u00e1rei\u00f0anlegur ve\u00f0m\u00e1laa\u00f0ili fyrir \u00ed\u00fer\u00f3ttave\u00f0m\u00e1l og spilav\u00edtisleiki. F\u00e1\u00f0u einkar\u00e9ttar b\u00f3nusa, h\u00e1ar l\u00edkur og \u00f3vi\u00f0jafnanlega spilaupplifun!","robots":{"index":"index","follow":"follow","max-snippet":"max-snippet:-1","max-image-preview":"max-image-preview:large","max-video-preview":"max-video-preview:-1"},"canonical":"https:\/\/planbet.contact\/iceland\/","og_locale":"is_IS","og_type":"article","og_title":"Planbet ve\u00f0banki og spilav\u00edti \u2705H\u00e1ar l\u00edkur, vins\u00e6lustu leikirnir","og_description":"Planbet er \u00e1rei\u00f0anlegur ve\u00f0m\u00e1laa\u00f0ili fyrir \u00ed\u00fer\u00f3ttave\u00f0m\u00e1l og spilav\u00edtisleiki. F\u00e1\u00f0u einkar\u00e9ttar b\u00f3nusa, h\u00e1ar l\u00edkur og \u00f3vi\u00f0jafnanlega spilaupplifun!","og_url":"https:\/\/planbet.contact\/iceland\/","og_site_name":"PlanBet IS","article_modified_time":"2026-02-10T17:51:24+00:00","twitter_card":"summary_large_image","schema":{"@context":"https:\/\/schema.org","@graph":[{"@type":"WebPage","@id":"https:\/\/planbet.contact\/iceland\/","url":"https:\/\/planbet.contact\/iceland\/","name":"Planbet ve\u00f0banki og spilav\u00edti \u2705H\u00e1ar l\u00edkur, vins\u00e6lustu leikirnir","isPartOf":{"@id":"https:\/\/planbet.contact\/iceland\/#website"},"datePublished":"2025-10-05T13:17:47+00:00","dateModified":"2026-02-10T17:51:24+00:00","description":"Planbet er \u00e1rei\u00f0anlegur ve\u00f0m\u00e1laa\u00f0ili fyrir \u00ed\u00fer\u00f3ttave\u00f0m\u00e1l og spilav\u00edtisleiki. F\u00e1\u00f0u einkar\u00e9ttar b\u00f3nusa, h\u00e1ar l\u00edkur og \u00f3vi\u00f0jafnanlega spilaupplifun!","breadcrumb":{"@id":"https:\/\/planbet.contact\/iceland\/#breadcrumb"},"inLanguage":"is","potentialAction":[{"@type":"ReadAction","target":["https:\/\/planbet.contact\/iceland\/"]}]},{"@type":"BreadcrumbList","@id":"https:\/\/planbet.contact\/iceland\/#breadcrumb","itemListElement":[{"@type":"ListItem","position":1,"name":"Home","item":"https:\/\/planbet.contact\/iceland\/"},{"@type":"ListItem","position":2,"name":"Heim"}]},{"@type":"WebSite","@id":"https:\/\/planbet.contact\/iceland\/#website","url":"https:\/\/planbet.contact\/iceland\/","name":"PlanBet IS","description":"","potentialAction":[{"@type":"SearchAction","target":{"@type":"EntryPoint","urlTemplate":"https:\/\/planbet.contact\/iceland\/?s={search_term_string}"},"query-input":{"@type":"PropertyValueSpecification","valueRequired":true,"valueName":"search_term_string"}}],"inLanguage":"is"}]}},"_links":{"self":[{"href":"https:\/\/planbet.contact\/iceland\/wp-json\/wp\/v2\/pages\/2","targetHints":{"allow":["GET"]}}],"collection":[{"href":"https:\/\/planbet.contact\/iceland\/wp-json\/wp\/v2\/pages"}],"about":[{"href":"https:\/\/planbet.contact\/iceland\/wp-json\/wp\/v2\/types\/page"}],"author":[{"embeddable":true,"href":"https:\/\/planbet.contact\/iceland\/wp-json\/wp\/v2\/users\/1"}],"replies":[{"embeddable":true,"href":"https:\/\/planbet.contact\/iceland\/wp-json\/wp\/v2\/comments?post=2"}],"version-history":[{"count":74,"href":"https:\/\/planbet.contact\/iceland\/wp-json\/wp\/v2\/pages\/2\/revisions"}],"predecessor-version":[{"id":984,"href":"https:\/\/planbet.contact\/iceland\/wp-json\/wp\/v2\/pages\/2\/revisions\/984"}],"wp:attachment":[{"href":"https:\/\/planbet.contact\/iceland\/wp-json\/wp\/v2\/media?parent=2"}],"curies":[{"name":"wp","href":"https:\/\/api.w.org\/{rel}","templated":true}]}}