{"id":851,"date":"2025-11-14T07:40:39","date_gmt":"2025-11-14T04:40:39","guid":{"rendered":"https:\/\/planbet.contact\/iceland\/?page_id=851"},"modified":"2026-01-28T13:08:55","modified_gmt":"2026-01-28T10:08:55","slug":"registration","status":"publish","type":"page","link":"https:\/\/planbet.contact\/iceland\/registration\/","title":{"rendered":"Skr\u00e1ning"},"content":{"rendered":"","protected":false},"excerpt":{"rendered":"","protected":false},"author":1,"featured_media":0,"parent":0,"menu_order":0,"comment_status":"closed","ping_status":"closed","template":"","meta":{"_acf_changed":false,"footnotes":""},"class_list":["post-851","page","type-page","status-publish","hentry"],"acf":[],"yoast_head":"<!-- This site is optimized with the Yoast SEO plugin v26.3 - https:\/\/yoast.com\/wordpress\/plugins\/seo\/ -->\n<title>Skr\u00e1ning hj\u00e1 Planbet \u1409 Byrja\u00f0u a\u00f0 ve\u00f0ja og spila spilav\u00edtisleiki!<\/title>\n<meta name=\"description\" content=\"Kynntu \u00fe\u00e9r hversu au\u00f0velt \u00fea\u00f0 er a\u00f0 skr\u00e1 sig hj\u00e1 Planbet og byrja a\u00f0 spila fyrir peninga! Lei\u00f0beiningar skref fyrir skref fyrir n\u00fdja notendur.\" \/>\n<meta name=\"robots\" content=\"index, follow, max-snippet:-1, max-image-preview:large, max-video-preview:-1\" \/>\n<link rel=\"canonical\" href=\"https:\/\/planbet.contact\/iceland\/registration\/\" \/>\n<meta property=\"og:locale\" content=\"is_IS\" \/>\n<meta property=\"og:type\" content=\"article\" \/>\n<meta property=\"og:title\" content=\"Skr\u00e1ning hj\u00e1 Planbet \u1409 Byrja\u00f0u a\u00f0 ve\u00f0ja og spila spilav\u00edtisleiki!\" \/>\n<meta property=\"og:description\" content=\"Kynntu \u00fe\u00e9r hversu au\u00f0velt \u00fea\u00f0 er a\u00f0 skr\u00e1 sig hj\u00e1 Planbet og byrja a\u00f0 spila fyrir peninga! Lei\u00f0beiningar skref fyrir skref fyrir n\u00fdja notendur.\" \/>\n<meta property=\"og:url\" content=\"https:\/\/planbet.contact\/iceland\/registration\/\" \/>\n<meta property=\"og:site_name\" content=\"PlanBet IS\" \/>\n<meta property=\"article:modified_time\" content=\"2026-01-28T10:08:55+00:00\" \/>\n<meta name=\"twitter:card\" content=\"summary_large_image\" \/>\n<script type=\"application\/ld+json\" class=\"yoast-schema-graph\">{\"@context\":\"https:\/\/schema.org\",\"@graph\":[{\"@type\":\"WebPage\",\"@id\":\"https:\/\/planbet.contact\/iceland\/registration\/\",\"url\":\"https:\/\/planbet.contact\/iceland\/registration\/\",\"name\":\"Skr\u00e1ning hj\u00e1 Planbet \u1409 Byrja\u00f0u a\u00f0 ve\u00f0ja og spila spilav\u00edtisleiki!\",\"isPartOf\":{\"@id\":\"https:\/\/planbet.contact\/iceland\/#website\"},\"datePublished\":\"2025-11-14T04:40:39+00:00\",\"dateModified\":\"2026-01-28T10:08:55+00:00\",\"description\":\"Kynntu \u00fe\u00e9r hversu au\u00f0velt \u00fea\u00f0 er a\u00f0 skr\u00e1 sig hj\u00e1 Planbet og byrja a\u00f0 spila fyrir peninga! Lei\u00f0beiningar skref fyrir skref fyrir n\u00fdja notendur.\",\"breadcrumb\":{\"@id\":\"https:\/\/planbet.contact\/iceland\/registration\/#breadcrumb\"},\"inLanguage\":\"is\",\"potentialAction\":[{\"@type\":\"ReadAction\",\"target\":[\"https:\/\/planbet.contact\/iceland\/registration\/\"]}]},{\"@type\":\"BreadcrumbList\",\"@id\":\"https:\/\/planbet.contact\/iceland\/registration\/#breadcrumb\",\"itemListElement\":[{\"@type\":\"ListItem\",\"position\":1,\"name\":\"Home\",\"item\":\"https:\/\/planbet.contact\/iceland\/\"},{\"@type\":\"ListItem\",\"position\":2,\"name\":\"Skr\u00e1ning\"}]},{\"@type\":\"WebSite\",\"@id\":\"https:\/\/planbet.contact\/iceland\/#website\",\"url\":\"https:\/\/planbet.contact\/iceland\/\",\"name\":\"PlanBet IS\",\"description\":\"\",\"potentialAction\":[{\"@type\":\"SearchAction\",\"target\":{\"@type\":\"EntryPoint\",\"urlTemplate\":\"https:\/\/planbet.contact\/iceland\/?s={search_term_string}\"},\"query-input\":{\"@type\":\"PropertyValueSpecification\",\"valueRequired\":true,\"valueName\":\"search_term_string\"}}],\"inLanguage\":\"is\"}]}<\/script>\n<!-- \/ Yoast SEO plugin. -->","yoast_head_json":{"title":"Skr\u00e1ning hj\u00e1 Planbet \u1409 Byrja\u00f0u a\u00f0 ve\u00f0ja og spila spilav\u00edtisleiki!","description":"Kynntu \u00fe\u00e9r hversu au\u00f0velt \u00fea\u00f0 er a\u00f0 skr\u00e1 sig hj\u00e1 Planbet og byrja a\u00f0 spila fyrir peninga! Lei\u00f0beiningar skref fyrir skref fyrir n\u00fdja notendur.","robots":{"index":"index","follow":"follow","max-snippet":"max-snippet:-1","max-image-preview":"max-image-preview:large","max-video-preview":"max-video-preview:-1"},"canonical":"https:\/\/planbet.contact\/iceland\/registration\/","og_locale":"is_IS","og_type":"article","og_title":"Skr\u00e1ning hj\u00e1 Planbet \u1409 Byrja\u00f0u a\u00f0 ve\u00f0ja og spila spilav\u00edtisleiki!","og_description":"Kynntu \u00fe\u00e9r hversu au\u00f0velt \u00fea\u00f0 er a\u00f0 skr\u00e1 sig hj\u00e1 Planbet og byrja a\u00f0 spila fyrir peninga! Lei\u00f0beiningar skref fyrir skref fyrir n\u00fdja notendur.","og_url":"https:\/\/planbet.contact\/iceland\/registration\/","og_site_name":"PlanBet IS","article_modified_time":"2026-01-28T10:08:55+00:00","twitter_card":"summary_large_image","schema":{"@context":"https:\/\/schema.org","@graph":[{"@type":"WebPage","@id":"https:\/\/planbet.contact\/iceland\/registration\/","url":"https:\/\/planbet.contact\/iceland\/registration\/","name":"Skr\u00e1ning hj\u00e1 Planbet \u1409 Byrja\u00f0u a\u00f0 ve\u00f0ja og spila spilav\u00edtisleiki!","isPartOf":{"@id":"https:\/\/planbet.contact\/iceland\/#website"},"datePublished":"2025-11-14T04:40:39+00:00","dateModified":"2026-01-28T10:08:55+00:00","description":"Kynntu \u00fe\u00e9r hversu au\u00f0velt \u00fea\u00f0 er a\u00f0 skr\u00e1 sig hj\u00e1 Planbet og byrja a\u00f0 spila fyrir peninga! Lei\u00f0beiningar skref fyrir skref fyrir n\u00fdja notendur.","breadcrumb":{"@id":"https:\/\/planbet.contact\/iceland\/registration\/#breadcrumb"},"inLanguage":"is","potentialAction":[{"@type":"ReadAction","target":["https:\/\/planbet.contact\/iceland\/registration\/"]}]},{"@type":"BreadcrumbList","@id":"https:\/\/planbet.contact\/iceland\/registration\/#breadcrumb","itemListElement":[{"@type":"ListItem","position":1,"name":"Home","item":"https:\/\/planbet.contact\/iceland\/"},{"@type":"ListItem","position":2,"name":"Skr\u00e1ning"}]},{"@type":"WebSite","@id":"https:\/\/planbet.contact\/iceland\/#website","url":"https:\/\/planbet.contact\/iceland\/","name":"PlanBet IS","description":"","potentialAction":[{"@type":"SearchAction","target":{"@type":"EntryPoint","urlTemplate":"https:\/\/planbet.contact\/iceland\/?s={search_term_string}"},"query-input":{"@type":"PropertyValueSpecification","valueRequired":true,"valueName":"search_term_string"}}],"inLanguage":"is"}]}},"_links":{"self":[{"href":"https:\/\/planbet.contact\/iceland\/wp-json\/wp\/v2\/pages\/851","targetHints":{"allow":["GET"]}}],"collection":[{"href":"https:\/\/planbet.contact\/iceland\/wp-json\/wp\/v2\/pages"}],"about":[{"href":"https:\/\/planbet.contact\/iceland\/wp-json\/wp\/v2\/types\/page"}],"author":[{"embeddable":true,"href":"https:\/\/planbet.contact\/iceland\/wp-json\/wp\/v2\/users\/1"}],"replies":[{"embeddable":true,"href":"https:\/\/planbet.contact\/iceland\/wp-json\/wp\/v2\/comments?post=851"}],"version-history":[{"count":6,"href":"https:\/\/planbet.contact\/iceland\/wp-json\/wp\/v2\/pages\/851\/revisions"}],"predecessor-version":[{"id":973,"href":"https:\/\/planbet.contact\/iceland\/wp-json\/wp\/v2\/pages\/851\/revisions\/973"}],"wp:attachment":[{"href":"https:\/\/planbet.contact\/iceland\/wp-json\/wp\/v2\/media?parent=851"}],"curies":[{"name":"wp","href":"https:\/\/api.w.org\/{rel}","templated":true}]}}